{"id":45,"date":"2024-08-21T10:08:59","date_gmt":"2024-08-21T10:08:59","guid":{"rendered":"https:\/\/protectpro.ro\/?page_id=45"},"modified":"2025-01-13T11:26:23","modified_gmt":"2025-01-13T09:26:23","slug":"retelistica","status":"publish","type":"page","link":"https:\/\/protectpro.ro\/?page_id=45","title":{"rendered":"Re\u021belistic\u0103"},"content":{"rendered":"\n<p>Re\u021belele LAN, WLAN \u0219i TV reprezint\u0103 infrastructuri esen\u021biale pentru conectivitate \u0219i distribu\u021bie de date \u0219i con\u021binut multimedia \u00eentr-o cl\u0103dire sau zon\u0103.<\/p>\n\n\n\n<p><strong>Re\u021belele LAN (Local Area Network)<\/strong> <\/p>\n\n\n\n<p>sunt re\u021bele de calculatoare care permit dispozitivelor dintr-o loca\u021bie limitat\u0103, cum ar fi un birou sau o cl\u0103dire, s\u0103 comunice \u0219i s\u0103 partajeze resurse precum internetul, fi\u0219ierele \u0219i imprimantele. Acestea folosesc cabluri Ethernet pentru a asigura conexiuni rapide \u0219i stabile \u00eentre dispozitive.<\/p>\n\n\n\n<p><strong>Re\u021belele WLAN (Wireless Local Area Network)<\/strong> <\/p>\n\n\n\n<p>sunt re\u021bele locale f\u0103r\u0103 fir care permit dispozitivelor s\u0103 se conecteze la internet \u0219i s\u0103 comunice \u00eentre ele prin intermediul unui router Wi-Fi. WLAN ofer\u0103 flexibilitate \u0219i mobilitate, permi\u021b\u00e2nd utilizatorilor s\u0103 acceseze re\u021beaua f\u0103r\u0103 a fi lega\u021bi prin cabluri fizice.<\/p>\n\n\n\n<p><strong>Re\u021belele TV<\/strong><\/p>\n\n\n\n<p>sunt sisteme de distribu\u021bie ale semnalelor de televiziune \u00eentr-o cl\u0103dire sau un complex reziden\u021bial, utiliz\u00e2nd fie cabluri coaxiale, fie re\u021bele IP moderne. Acestea permit accesul la canale TV, con\u021binut on-demand \u0219i alte servicii multimedia, asigur\u00e2nd o experien\u021b\u0103 de vizionare de \u00eenalt\u0103 calitate pentru utilizatori.<\/p>\n\n\n\n<p>Aceste re\u021bele sunt esen\u021biale pentru o infrastructur\u0103 modern\u0103, oferind conectivitate, divertisment \u0219i acces la resurse digitale \u00eentr-o manier\u0103 eficient\u0103 \u0219i u\u0219or de gestionat.<\/p>\n\n\n\n<div class=\"wp-block-buttons is-layout-flex wp-block-buttons-is-layout-flex\">\n<div class=\"wp-block-button is-style-fill\"><a class=\"wp-block-button__link wp-element-button\" href=\"https:\/\/protectpro.ro\/\" style=\"border-style:none;border-width:0px;border-radius:5px\">\u00cenapoi<\/a><\/div>\n<\/div>\n\n\n\n<p><\/p>\n","protected":false},"excerpt":{"rendered":"<p>Re\u021belele LAN, WLAN \u0219i TV reprezint\u0103 infrastructuri esen\u021biale pentru conectivitate \u0219i distribu\u021bie de date \u0219i con\u021binut multimedia \u00eentr-o cl\u0103dire sau zon\u0103. Re\u021belele LAN (Local Area Network) sunt re\u021bele de calculatoare care permit dispozitivelor dintr-o loca\u021bie limitat\u0103, cum ar fi un birou sau o cl\u0103dire, s\u0103 comunice \u0219i s\u0103 partajeze resurse precum internetul, fi\u0219ierele \u0219i imprimantele. [&hellip;]<\/p>\n","protected":false},"author":1,"featured_media":0,"parent":0,"menu_order":0,"comment_status":"closed","ping_status":"closed","template":"","meta":{"_uag_custom_page_level_css":"","footnotes":""},"class_list":["post-45","page","type-page","status-publish","hentry"],"uagb_featured_image_src":{"full":false,"thumbnail":false,"medium":false,"medium_large":false,"large":false,"1536x1536":false,"2048x2048":false},"uagb_author_info":{"display_name":"protectpro","author_link":"https:\/\/protectpro.ro\/author\/protectpro"},"uagb_comment_info":0,"uagb_excerpt":"Re\u021belele LAN, WLAN \u0219i TV reprezint\u0103 infrastructuri esen\u021biale pentru conectivitate \u0219i distribu\u021bie de date \u0219i con\u021binut multimedia \u00eentr-o cl\u0103dire sau zon\u0103. Re\u021belele LAN (Local Area Network) sunt re\u021bele de calculatoare care permit dispozitivelor dintr-o loca\u021bie limitat\u0103, cum ar fi un birou sau o cl\u0103dire, s\u0103 comunice \u0219i s\u0103 partajeze resurse precum internetul, fi\u0219ierele \u0219i imprimantele.&hellip;","_links":{"self":[{"href":"https:\/\/protectpro.ro\/index.php?rest_route=\/wp\/v2\/pages\/45","targetHints":{"allow":["GET"]}}],"collection":[{"href":"https:\/\/protectpro.ro\/index.php?rest_route=\/wp\/v2\/pages"}],"about":[{"href":"https:\/\/protectpro.ro\/index.php?rest_route=\/wp\/v2\/types\/page"}],"author":[{"embeddable":true,"href":"https:\/\/protectpro.ro\/index.php?rest_route=\/wp\/v2\/users\/1"}],"replies":[{"embeddable":true,"href":"https:\/\/protectpro.ro\/index.php?rest_route=%2Fwp%2Fv2%2Fcomments&post=45"}],"version-history":[{"count":3,"href":"https:\/\/protectpro.ro\/index.php?rest_route=\/wp\/v2\/pages\/45\/revisions"}],"predecessor-version":[{"id":313,"href":"https:\/\/protectpro.ro\/index.php?rest_route=\/wp\/v2\/pages\/45\/revisions\/313"}],"wp:attachment":[{"href":"https:\/\/protectpro.ro\/index.php?rest_route=%2Fwp%2Fv2%2Fmedia&parent=45"}],"curies":[{"name":"wp","href":"https:\/\/api.w.org\/{rel}","templated":true}]}}