{"id":49,"date":"2024-08-21T10:12:37","date_gmt":"2024-08-21T10:12:37","guid":{"rendered":"https:\/\/protectpro.ro\/?page_id=49"},"modified":"2025-01-13T11:25:04","modified_gmt":"2025-01-13T09:25:04","slug":"intretinere","status":"publish","type":"page","link":"https:\/\/protectpro.ro\/?page_id=49","title":{"rendered":"\u00centre\u021binere"},"content":{"rendered":"\n<p><strong>Verific\u0103ri periodice<\/strong><\/p>\n\n\n\n<div class=\"wp-block-uagb-container uagb-block-7d910fb4 alignfull uagb-is-root-container\"><div class=\"uagb-container-inner-blocks-wrap\">\n<div class=\"wp-block-uagb-container uagb-block-1280f664\">\n<div class=\"wp-block-uagb-image uagb-block-12ac1d0e wp-block-uagb-image--layout-default wp-block-uagb-image--effect-static wp-block-uagb-image--align-none\"><figure class=\"wp-block-uagb-image__figure\"><img decoding=\"async\" srcset=\"https:\/\/protectpro.ro\/wp-content\/uploads\/2024\/08\/cam3-1024x1024.png ,https:\/\/protectpro.ro\/wp-content\/uploads\/2024\/08\/cam3.png 780w, https:\/\/protectpro.ro\/wp-content\/uploads\/2024\/08\/cam3.png 360w\" sizes=\"auto, (max-width: 480px) 150px\" src=\"https:\/\/protectpro.ro\/wp-content\/uploads\/2024\/08\/cam3-1024x1024.png\" alt=\"\" class=\"uag-image-77\" width=\"1024\" height=\"1024\" title=\"cam3\" loading=\"lazy\" role=\"img\"\/><\/figure><\/div>\n<\/div>\n\n\n\n<div class=\"wp-block-uagb-container uagb-block-c862be5c\">\n<p>Verific\u0103rile periodice sunt esen\u021biale pentru men\u021binerea sistemelor de securitate \u00een stare optim\u0103. Acestea includ inspec\u021bii detaliate \u0219i \u00eentre\u021binere regulat\u0103 pentru a identifica \u0219i remedia eventualele probleme \u00eenainte ca acestea s\u0103 devin\u0103 critice. Prin aceste verific\u0103ri, prevenim defec\u021biunile neprev\u0103zute, asigur\u00e2ndu-ne c\u0103 toate componentele func\u021bioneaz\u0103 corespunz\u0103tor \u0219i c\u0103 sistemul de securitate ofer\u0103 protec\u021bie constant\u0103 \u0219i eficient\u0103. Acest serviciu contribuie la prelungirea duratei de via\u021b\u0103 a echipamentelor \u0219i la reducerea riscurilor de defectare.<\/p>\n<\/div>\n<\/div><\/div>\n\n\n\n<p><strong>Interven\u021bii \u00een cazul defec\u021biunilor<\/strong><\/p>\n\n\n\n<div class=\"wp-block-uagb-container uagb-block-d218837d alignfull uagb-is-root-container\"><div class=\"uagb-container-inner-blocks-wrap\">\n<div class=\"wp-block-uagb-container uagb-block-857b171f\">\n<div class=\"wp-block-uagb-image uagb-block-2f5863cf wp-block-uagb-image--layout-default wp-block-uagb-image--effect-static wp-block-uagb-image--align-none\"><figure class=\"wp-block-uagb-image__figure\"><img decoding=\"async\" srcset=\"https:\/\/protectpro.ro\/wp-content\/uploads\/2024\/08\/cam3-1024x1024.png ,https:\/\/protectpro.ro\/wp-content\/uploads\/2024\/08\/cam3.png 780w, https:\/\/protectpro.ro\/wp-content\/uploads\/2024\/08\/cam3.png 360w\" sizes=\"auto, (max-width: 480px) 150px\" src=\"https:\/\/protectpro.ro\/wp-content\/uploads\/2024\/08\/cam3-1024x1024.png\" alt=\"\" class=\"uag-image-77\" width=\"1024\" height=\"1024\" title=\"cam3\" loading=\"lazy\" role=\"img\"\/><\/figure><\/div>\n<\/div>\n\n\n\n<div class=\"wp-block-uagb-container uagb-block-79681920\">\n<p>Interven\u021biile \u00een cazul defec\u021biunilor sunt esen\u021biale pentru a restabili rapid func\u021bionalitatea sistemelor de securitate. Echipa noastr\u0103 de tehnicieni specializa\u021bi r\u0103spunde prompt la orice problem\u0103 tehnic\u0103, identific\u00e2nd cauzele \u0219i aplic\u00e2nd solu\u021bii eficiente. Ne asigur\u0103m c\u0103 sistemele sunt reparate corect \u0219i c\u0103 siguran\u021ba dumneavoastr\u0103 nu este compromis\u0103. Prioritiz\u0103m timpul de r\u0103spuns scurt \u0219i minimalizarea perioadelor de nefunc\u021bionare, oferindu-v\u0103 lini\u0219te \u0219i protec\u021bie continu\u0103.<\/p>\n<\/div>\n<\/div><\/div>\n\n\n\n<p><strong>Piese de schimb<\/strong><\/p>\n\n\n\n<div class=\"wp-block-uagb-container uagb-block-cca7a06e alignfull uagb-is-root-container\"><div class=\"uagb-container-inner-blocks-wrap\">\n<div class=\"wp-block-uagb-container uagb-block-92ffada2\">\n<div class=\"wp-block-uagb-image uagb-block-c9ced8ac wp-block-uagb-image--layout-default wp-block-uagb-image--effect-static wp-block-uagb-image--align-none\"><figure class=\"wp-block-uagb-image__figure\"><img decoding=\"async\" srcset=\"https:\/\/protectpro.ro\/wp-content\/uploads\/2024\/08\/cam3-1024x1024.png ,https:\/\/protectpro.ro\/wp-content\/uploads\/2024\/08\/cam3.png 780w, https:\/\/protectpro.ro\/wp-content\/uploads\/2024\/08\/cam3.png 360w\" sizes=\"auto, (max-width: 480px) 150px\" src=\"https:\/\/protectpro.ro\/wp-content\/uploads\/2024\/08\/cam3-1024x1024.png\" alt=\"\" class=\"uag-image-77\" width=\"1024\" height=\"1024\" title=\"cam3\" loading=\"lazy\" role=\"img\"\/><\/figure><\/div>\n<\/div>\n\n\n\n<div class=\"wp-block-uagb-container uagb-block-9f79e70d\">\n<p>Piesele de schimb sunt esen\u021biale pentru men\u021binerea func\u021bionalit\u0103\u021bii \u0219i performan\u021bei optime ale sistemelor de securitate. Oferim o gam\u0103 complet\u0103 de componente de \u00eenlocuire de \u00eenalt\u0103 calitate pentru toate echipamentele noastre, inclusiv camere de supraveghere, alarme, interfoane \u0219i sisteme de control acces. Fie c\u0103 este vorba de un senzor defect sau de un panou de control \u00eenvechit, asigur\u0103m livrarea rapid\u0103 \u0219i instalarea corect\u0103 a pieselor, minimiz\u00e2nd timpii de nefunc\u021bionare \u0219i maximiz\u00e2nd siguran\u021ba \u0219i eficien\u021ba sistemelor dumneavoastr\u0103.<\/p>\n<\/div>\n<\/div><\/div>\n\n\n\n<p><strong>Echipamente de backup<\/strong><\/p>\n\n\n\n<div class=\"wp-block-uagb-container uagb-block-da4f2afb alignfull uagb-is-root-container\"><div class=\"uagb-container-inner-blocks-wrap\">\n<div class=\"wp-block-uagb-container uagb-block-67883a15\">\n<div class=\"wp-block-uagb-image uagb-block-623177f3 wp-block-uagb-image--layout-default wp-block-uagb-image--effect-static wp-block-uagb-image--align-none\"><figure class=\"wp-block-uagb-image__figure\"><img decoding=\"async\" srcset=\"https:\/\/protectpro.ro\/wp-content\/uploads\/2024\/08\/cam3-1024x1024.png ,https:\/\/protectpro.ro\/wp-content\/uploads\/2024\/08\/cam3.png 780w, https:\/\/protectpro.ro\/wp-content\/uploads\/2024\/08\/cam3.png 360w\" sizes=\"auto, (max-width: 480px) 150px\" src=\"https:\/\/protectpro.ro\/wp-content\/uploads\/2024\/08\/cam3-1024x1024.png\" alt=\"\" class=\"uag-image-77\" width=\"1024\" height=\"1024\" title=\"cam3\" loading=\"lazy\" role=\"img\"\/><\/figure><\/div>\n<\/div>\n\n\n\n<div class=\"wp-block-uagb-container uagb-block-5c44ab7d\">\n<p>Asigur\u0103m echipamente de backup de \u00eenalt\u0103 calitate pentru toate sistemele pe care le instal\u0103m, inclusiv baterii de rezerv\u0103 \u0219i solu\u021bii de alimentare ne\u00eentreruptibil\u0103. Aceste echipamente garanteaz\u0103 func\u021bionarea continu\u0103 a sistemelor de securitate \u0219i alarme, chiar \u0219i \u00een cazul \u00eentreruperilor de curent, asigur\u00e2ndu-v\u0103 lini\u0219tea c\u0103 protec\u021bia nu este compromis\u0103.<\/p>\n<\/div>\n<\/div><\/div>\n\n\n\n<div class=\"wp-block-buttons is-layout-flex wp-block-buttons-is-layout-flex\">\n<div class=\"wp-block-button is-style-fill\"><a class=\"wp-block-button__link wp-element-button\" href=\"https:\/\/protectpro.ro\/\" style=\"border-style:none;border-width:0px;border-radius:5px\">\u00cenapoi<\/a><\/div>\n<\/div>\n","protected":false},"excerpt":{"rendered":"<p>Verific\u0103ri periodice Verific\u0103rile periodice sunt esen\u021biale pentru men\u021binerea sistemelor de securitate \u00een stare optim\u0103. Acestea includ inspec\u021bii detaliate \u0219i \u00eentre\u021binere regulat\u0103 pentru a identifica \u0219i remedia eventualele probleme \u00eenainte ca acestea s\u0103 devin\u0103 critice. Prin aceste verific\u0103ri, prevenim defec\u021biunile neprev\u0103zute, asigur\u00e2ndu-ne c\u0103 toate componentele func\u021bioneaz\u0103 corespunz\u0103tor \u0219i c\u0103 sistemul de securitate ofer\u0103 protec\u021bie constant\u0103 \u0219i [&hellip;]<\/p>\n","protected":false},"author":1,"featured_media":0,"parent":0,"menu_order":0,"comment_status":"closed","ping_status":"closed","template":"","meta":{"_uag_custom_page_level_css":"","footnotes":""},"class_list":["post-49","page","type-page","status-publish","hentry"],"uagb_featured_image_src":{"full":false,"thumbnail":false,"medium":false,"medium_large":false,"large":false,"1536x1536":false,"2048x2048":false},"uagb_author_info":{"display_name":"protectpro","author_link":"https:\/\/protectpro.ro\/author\/protectpro"},"uagb_comment_info":0,"uagb_excerpt":"Verific\u0103ri periodice Verific\u0103rile periodice sunt esen\u021biale pentru men\u021binerea sistemelor de securitate \u00een stare optim\u0103. Acestea includ inspec\u021bii detaliate \u0219i \u00eentre\u021binere regulat\u0103 pentru a identifica \u0219i remedia eventualele probleme \u00eenainte ca acestea s\u0103 devin\u0103 critice. Prin aceste verific\u0103ri, prevenim defec\u021biunile neprev\u0103zute, asigur\u00e2ndu-ne c\u0103 toate componentele func\u021bioneaz\u0103 corespunz\u0103tor \u0219i c\u0103 sistemul de securitate ofer\u0103 protec\u021bie constant\u0103 \u0219i&hellip;","_links":{"self":[{"href":"https:\/\/protectpro.ro\/index.php?rest_route=\/wp\/v2\/pages\/49","targetHints":{"allow":["GET"]}}],"collection":[{"href":"https:\/\/protectpro.ro\/index.php?rest_route=\/wp\/v2\/pages"}],"about":[{"href":"https:\/\/protectpro.ro\/index.php?rest_route=\/wp\/v2\/types\/page"}],"author":[{"embeddable":true,"href":"https:\/\/protectpro.ro\/index.php?rest_route=\/wp\/v2\/users\/1"}],"replies":[{"embeddable":true,"href":"https:\/\/protectpro.ro\/index.php?rest_route=%2Fwp%2Fv2%2Fcomments&post=49"}],"version-history":[{"count":5,"href":"https:\/\/protectpro.ro\/index.php?rest_route=\/wp\/v2\/pages\/49\/revisions"}],"predecessor-version":[{"id":312,"href":"https:\/\/protectpro.ro\/index.php?rest_route=\/wp\/v2\/pages\/49\/revisions\/312"}],"wp:attachment":[{"href":"https:\/\/protectpro.ro\/index.php?rest_route=%2Fwp%2Fv2%2Fmedia&parent=49"}],"curies":[{"name":"wp","href":"https:\/\/api.w.org\/{rel}","templated":true}]}}